at is 0 - 3102301200?
-3102301200
In base 11, what is -3 + -1317593?
-1317596
In base 10, what is 29300418 + -11?
29300407
In base 14, what is -152 - -dd14?
dba2
In base 8, what is -22036 - -7711?
-12125
In base 12, what is -20166a7 - 2?
-20166a9
In base 2, what is 1110001011 - 111010110111001001?
-111010101000111110
In base 13, what is -990a421 + -10?
-990a431
In base 14, what is -36dca + -7?
-36dd3
In base 11, what is -770 + -221?
-991
In base 12, what is 26 - 833021?
-832bb7
In base 5, what is 141432330414 + -2?
141432330412
In base 13, what is -6c8 - 1226?
-1921
In base 11, what is -20357 + -a09a?
-2a446
In base 7, what is -360 + -340524?
-341214
In base 7, what is -32 + -622511533?
-622511565
In base 12, what is 1 - -6537486?
6537487
In base 11, what is -5 + 4118a534?
4118a52a
In base 16, what is 246 - 1575c5?
-15737f
In base 2, what is 10 + 110100010110100011001?
110100010110100011011
In base 8, what is 2470 - -15736?
20426
In base 9, what is -183888 - 274?
-184273
In base 13, what is -7 - 744c05?
-744c0c
In base 5, what is -141 - -12422303402?
12422303211
In base 9, what is 7 + 3262368?
3262376
In base 14, what is -63182c6 - 5?
-63182cb
In base 10, what is -72 - 54324?
-54396
In base 8, what is 2043035 - 24?
2043011
In base 4, what is -3 - 11303002100233?
-11303002100302
In base 10, what is 290967306 - -3?
290967309
In base 11, what is -4 - 2057262?
-2057266
In base 2, what is 10100000001 - 10111111110?
-11111101
In base 3, what is -11 - -11122012120022?
11122012120011
In base 11, what is -2a9469 + -1384?
-2aa842
In base 15, what is 77b6 - -129?
78e0
In base 11, what is -2 + -19912340?
-19912342
In base 16, what is 255173 - 8?
25516b
In base 12, what is 3707092 - -31?
3707103
In base 7, what is -24 - 5353660?
-5354014
In base 8, what is 157434 + 104?
157540
In base 11, what is -1062a - 6572?
-170a1
In base 12, what is 626 - 15243?
-14819
In base 9, what is -18525336 - 0?
-18525336
In base 4, what is -1020 - -2101012131?
2101011111
In base 13, what is -1 + 268c?
268b
In base 10, what is 348384 - 45?
348339
In base 15, what is -1 + 1d8da3?
1d8da2
In base 9, what is -5178 + 52063?
45774
In base 11, what is -41a6313 - 0?
-41a6313
In base 15, what is 8de + -427e?
-3890
In base 9, what is -18067402 + 4?
-18067387
In base 13, what is -a - 52748?
-52755
In base 4, what is 3 - -11110020323?
11110020332
In base 7, what is 6 - 1251221524?
-1251221515
In base 8, what is -6 + -702764?
-702772
In base 15, what is 4 + -473b41?
-473b3c
In base 7, what is 33501 - 21122?
12346
In base 15, what is -d45b1d7 - 3?
-d45b1da
In base 14, what is -425460 + 26?
-425438
In base 13, what is -581a226 + -5?
-581a22b
In base 3, what is -111022210 + -221211211?
-1110011121
In base 16, what is -6c + e1e2?
e176
In base 11, what is -4 - -a634715?
a634711
In base 2, what is 1100000100 + -101110110010110000?
-101110100110101100
In base 2, what is 1110101 + 111101111001?
111111101110
In base 5, what is 3 + -30100021?
-30100013
In base 2, what is 11 + -1000011000100001111000100?
-1000011000100001111000001
In base 3, what is -10010 - 10012002022?
-10012012102
In base 6, what is -12351 - 34044?
-50435
In base 8, what is 0 - -4122334?
4122334
In base 8, what is 1277124754 - -5?
1277124761
In base 5, what is -1123023 - -222304?
-400214
In base 6, what is -1132103 - -2100?
-1130003
In base 13, what is -1b1 + 6933?
6752
In base 15, what is 9d9 + 10810?
112e9
In base 8, what is -322303 - 42?
-322345
In base 10, what is 6784275 - -30?
6784305
In base 11, what is 179312 + -388?
178a35
In base 9, what is -253815 - -3207?
-250607
In base 2, what is 1111 - 1101010000011101100111011?
-1101010000011101100101100
In base 2, what is 10110100100010 + 100110111?
10111001011001
In base 16, what is -44c6d81 - -3?
-44c6d7e
In base 5, what is -32413 - -433033?
400120
In base 7, what is -261321451 + 1?
-261321450
In base 7, what is 45 + -3004204?
-3004126
In base 3, what is 112110 - 20122012212?
-20121200102
In base 5, what is 4 - -42302143213?
42302143222
In base 14, what is 31c98a - -a?
31c996
In base 3, what is -20 - -212101210112211?
212101210112121
In base 14, what is 3 - -859c6a1?
859c6a4
In base 4, what is 22311023002111 + 2?
22311023002113
In base 8, what is -50 - -27000?
26730
In base 4, what is 121110322 + 3133?
121120121
In base 3, what is 220021200 - 21101101?
121220022
In base 9, what is 26 - -1215404?
1215431
In base 10, what is 74846 + 305?
75151
In base 14, what is 218779 - 6?
218773
In base 13, what is 114aab + -a?
114aa1
In base 12, what is 1ab32639 - 0?
1ab32639
In base 7, what is -11 - 534232524?
-534232535
In base 12, what is -a8a8b5a - 0?
-a8a8b5a
In base 3, what is 12 - 1100120222212122?
-1100120222212110
In base 7, what is 14655233 + -2?
14655231
In base 16, what is -7929b - 11?
-792ac
In base 6, what is -115025535 + 5?
-115025530
In base 6, what is -4 - -105125120?
105125112
In base 12, what is 1880411 - 0?
1880411
In base 5, what is -3 - -134212143?
134212140
In base 2, what is -100001 + -1110000111011111?
-1110001000000000
In base 4, what is 10132321132131 + 30?
10132321132221
In base 15, what is ad - 7a1e?
-7961
In base 6, what is -15014 + -125?
-15143
In base 16, what is -205acf2 - -1?
-205acf1
In base 5, what is -1133313421 - -443?
-1133312423
In base 10, what is 49 - 86990?
-86941
In base 12, what is -395 + 23710?
23337
In base 2, what is 1101 - -10100011101101110?
10100011101111011
In base 15, what is -2c1ada - -3a?
-2c1aa0
In base 6, what is 300 + 1025012?
1025312
In base 13, what is 123210 + -724?
1227b9
In base 9, what is -5745 - -35311?
28455
In base 7, what is -1426 - -253010?
251251
In base 2, what is -10001001100 + -101010101000010?
-101100110001110
In base 9, what is 10 + -1762424?
-1762414
In base 5, what is 101202 + 331414?
433121
In base 8, what is 230507303 + -1?
230507302
In base 5, what is -10400 + -4144102?
-4210002
In base 3, what is 20101 - -2100211122120?
2100211212221
In base 5, what is 122231112040 + 30?
122231112120
In base 10, what is 964648 - 488?
964160
In base 3, what is -10000220012010 - 0?
-10000220012010
In base 4, what is -12333132 - 2201223?
-21201021
In base 7, what is -655233 - -12611?
-642322
In base 4, what is 1232322123 + 200021?
1233122210
In base 16, what is 3b0cd - -a?
3b0d7
In base 2, what is 111 - 100100000110001100101?
-100100000110001011110
In base 2, what is -110100100111000011011 + 1011?
-110100100111000010000
In base 12, what is -4b93522 - 2?
-4b93524
In base 16, what is -4 + e0ded?
e0de9
In base 8, what is -1 + -206706700?
-206706701
In base 3, what is 1101120121211111 + 0?
1101120121211111
In base 9, what is -131736764 - 4?
-131736768
In base 8, what is -26266 + 7407?
-16657
In base 11, what is 4a63a6 + 41?
4a6437
In base 6, what is 5 + 45300401511?
45300401520
In base 16, what is 499668 - 4?
499664
In base 14, what is -344 - 20763?
-20aa7
In base 14, what is -35483 - -2126?
-3335b
In base 12, what is -39b900 + -16?
-39b916
In base 2, what is -101 + 11100111100100001000011?
11100111100100000111110
In base 7, what is -23 - 43534226?
-43534252
In base 16, what is 2 - 4cfe1f?
-4cfe1d
In base 4, what is -1032131133 - -3?
-1032131130
In base 5, what is -140021 + 10441?
-124030
In base 11, what is 81400 + 31?
81431
In base 8, what is 1110167 - -13?
1110202
In base 12, what is 2a854 - -6ba?
2b352
In base 11, what is -217 + -125338?
-125554
In base 6, what is 122211 - -42322?
204533
In base 14, what is -5401 + 53c?
-4ca3
In base 13, what is -1 + -722c16?
-722c17
In base 9, what is -256 + -343344?
-343611
In base 16, what is 4a90 + 5225?
9cb5
In base 16, what is -4dcbbcf + -5?
-4dcbbd4
In base 2, what is 10110 + -100001011100010000110010?
-100001011100010000011100
In base 4, what is -21132230110 + -1?
-21132230111
In base 11, what is -105035 - a3?
-105128
In base 7, what is 345 - 5025221?
-5024543
In base 6, what is 23501 - 54000?
-30055
In base 10, what is -1 - 112393610?
-112393611
In base 7, what is 55451 - -500?
56251
In base 8, what is -20207140 + 0?
-20207140
In base 4, what is 132001211 - -123?
132002000
In base 8, what is -244 - 2312055?
-2312321
In base 13, what is -1bba998a + 4?
-1bba9986
In base 9, what is 24 + -42602228?
-42602204
In base 6, what is -21001211433 - 5?
-21001211442
In base 9, what is -1 - 174504650?